{"id":66,"date":"2018-09-05T08:04:17","date_gmt":"2018-09-05T08:04:17","guid":{"rendered":"http:\/\/bugwyszkow.com\/2012\/?page_id=66"},"modified":"2019-10-29T07:32:37","modified_gmt":"2019-10-29T07:32:37","slug":"kontakt","status":"publish","type":"page","link":"http:\/\/bugwyszkow.com\/2012\/kontakt\/","title":{"rendered":"Kontakt"},"content":{"rendered":"<div class=\"row\">\n<h3 style=\"color: #049240; margin-left: 15px;\">Bug Wyszk\u00f3w<\/h3>\n<div style=\"margin-left: 15px;\"><strong>MZKS \u201eBug\u201d Wyszk\u00f3w<\/strong><br \/>\nAdres: ul. Tadeusza Ko\u015bciuszki 54, 07-200 Wyszk\u00f3w<br \/>\ntel. 538 356 835<br \/>\ne-mail: <a href=\"mailto:sekretariat@bugwyszkow.com\">sekretariat@bugwyszkow.com<\/a><br \/>\nBiuro czynne pn-pt 9-16.<br \/>\nData za\u0142o\u017cenia: 8 kwietnia 1922 r.<br \/>\nBarwy klubowe: zielono-bia\u0142o-niebieskie<br \/>\nInternet: <a href=\"https:\/\/www.facebook.com\/Bug-Wyszk%C3%B3w-239276379455576\/?ref=br_rs\">www.facebook.com\/Bug-Wyszk\u00f3w<\/a> (Facebook)<\/div>\n<\/div>\n<h1>FORMULARZ<\/h1>\n<div role=\"form\" class=\"wpcf7\" id=\"wpcf7-f1107-o1\" lang=\"pl-PL\" dir=\"ltr\">\n<div class=\"screen-reader-response\" role=\"alert\" aria-live=\"polite\"><\/div>\n<form action=\"\/2012\/wp-json\/wp\/v2\/pages\/66#wpcf7-f1107-o1\" method=\"post\" class=\"wpcf7-form init\" novalidate=\"novalidate\">\n<div style=\"display: none;\">\n<input type=\"hidden\" name=\"_wpcf7\" value=\"1107\" \/>\n<input type=\"hidden\" name=\"_wpcf7_version\" value=\"5.2\" \/>\n<input type=\"hidden\" name=\"_wpcf7_locale\" value=\"pl_PL\" \/>\n<input type=\"hidden\" name=\"_wpcf7_unit_tag\" value=\"wpcf7-f1107-o1\" \/>\n<input type=\"hidden\" name=\"_wpcf7_container_post\" value=\"0\" \/>\n<input type=\"hidden\" name=\"_wpcf7_posted_data_hash\" value=\"\" \/>\n<\/div>\n<p><label> Imi\u0119 i nazwisko<br \/>\n    <span class=\"wpcf7-form-control-wrap your-name\"><input type=\"text\" name=\"your-name\" value=\"\" size=\"40\" class=\"wpcf7-form-control wpcf7-text wpcf7-validates-as-required\" aria-required=\"true\" aria-invalid=\"false\" \/><\/span> <\/label><\/p>\n<p><label> Adres email<br \/>\n    <span class=\"wpcf7-form-control-wrap your-email\"><input type=\"email\" name=\"your-email\" value=\"\" size=\"40\" class=\"wpcf7-form-control wpcf7-text wpcf7-email wpcf7-validates-as-required wpcf7-validates-as-email\" aria-required=\"true\" aria-invalid=\"false\" \/><\/span> <\/label><\/p>\n<p><label> Nr telefonu<br \/>\n    <span class=\"wpcf7-form-control-wrap your-phone\"><input type=\"text\" name=\"your-phone\" value=\"\" size=\"40\" class=\"wpcf7-form-control wpcf7-text\" aria-invalid=\"false\" \/><\/span> <\/label><\/p>\n<p><label> Tre\u015b\u0107 wiadomo\u015bci<br \/>\n    <span class=\"wpcf7-form-control-wrap your-message\"><textarea name=\"your-message\" cols=\"40\" rows=\"10\" class=\"wpcf7-form-control wpcf7-textarea\" aria-invalid=\"false\"><\/textarea><\/span> <\/label><br \/>\n[recaptcha]<\/p>\n<div id=\"show-morepx\">\n<label class=\"checkbox_style\"><span class=\"wpcf7-form-control-wrap checkbox-763\"><span class=\"wpcf7-form-control wpcf7-checkbox wpcf7-validates-as-required show-more-checkbox\"><span class=\"wpcf7-list-item first last\"><input type=\"checkbox\" name=\"checkbox-763[]\" value=\"Wyra\u017cam zgod\u0119 na przekazanie i przetwarzanie moich danych osobowych w celu odpowiedzi na przes\u0142an\u0105 wiadomo\u015b\u0107*\" \/><span class=\"wpcf7-list-item-label\">Wyra\u017cam zgod\u0119 na przekazanie i przetwarzanie moich danych osobowych w celu odpowiedzi na przes\u0142an\u0105 wiadomo\u015b\u0107*<\/span><\/span><\/span><\/span><\/label>\n<div class=\"show-more-expand\">\n<p>Uprzejmie informujemy, \u017ce:<br \/>\na) Bug Wyszk\u00f3w stanie si\u0119 Administratorem Pani\/Pana danych osobowych,<br \/>\nb) dane osobowe b\u0119d\u0105 przetwarzane w celu odpowiedzi na Pana\/Pani zapytanie, a w przypadku wyra\u017cenia zgody na przetwarzanie danych w celach marketingowych \u2013 wykorzystamy je dla przedstawienia oferty naszych produkt\u00f3w i us\u0142ug b\u0105d\u017a informacji o naszej dzia\u0142alno\u015bci,<br \/>\nc) Przys\u0142uguje Pani\/Panu prawo dost\u0119pu do tre\u015bci danych oraz ich sprostowania, usuni\u0119cia lub ograniczenia przetwarzania, a tak\u017ce prawo sprzeciwu, za\u017c\u0105dania zaprzestania przetwarzania i przenoszenia danych, jak r\u00f3wnie\u017c prawo do cofni\u0119cia zgody w dowolnym momencie oraz prawo do wniesienia skargi do organu nadzorczego Prezesa Urz\u0119du Ochrony Danych Osobowych,<br \/>\nd) podanie danych osobowych jest dobrowolne, jednak brak ich podania uniemo\u017cliwi nam odpowied\u017a na Pana\/Pani zapytanie z\u0142o\u017cone za po\u015brednictwem stron internetowej<br \/>\ne) przys\u0142uguje Pani\/Panu prawo wniesienia sprzeciwu wobec przetwarzania swoich danych osobowych,<br \/>\nf) dane osobowe b\u0119d\u0105 przetwarzane w warunkach zapewniaj\u0105cych ich ochron\u0119 zgodnie z obowi\u0105zuj\u0105cymi przepisami prawa,<br \/>\ng) dane nie b\u0119d\u0105 podlega\u0142y zautomatyzowanemu podejmowaniu decyzji, w tym profilowaniu,<br \/>\nW zakresie okre\u015blonym w pkt. a)-f) powy\u017cej o\u015bwiadczenia, \u017c\u0105dania lub pytania nale\u017cy zg\u0142asza\u0107 w formie elektronicznej na adres email lorem@ipsum.pl lub pisemnej na adres Bug Wyszk\u00f3w<\/p>\n\n<\/div>\n<div class=\"padding-botton\">\n<div class=\"show-more\"><span class=\"show-more-up\">Rozwi\u0144 &#9660;<\/span><span class=\"show-more-down\">&nbsp;&nbsp;Zwi\u0144 &#9650;<\/span><\/div>\n<\/div>\n<div><label class=\"checkbox_style\"><span class=\"wpcf7-form-control-wrap checkbox-762\"><span class=\"wpcf7-form-control wpcf7-checkbox\"><span class=\"wpcf7-list-item first last\"><input type=\"checkbox\" name=\"checkbox-762[]\" value=\"Wyra\u017cam zgod\u0119 na wysy\u0142anie informacji handlowych\" \/><span class=\"wpcf7-list-item-label\">Wyra\u017cam zgod\u0119 na wysy\u0142anie informacji handlowych<\/span><\/span><\/span><\/span><\/label><\/div>\n<\/div>\n<p><input type=\"submit\" value=\"Wy\u015blij\" class=\"wpcf7-form-control wpcf7-submit\" \/><\/p>\n<div class=\"wpcf7-response-output\" role=\"alert\" aria-hidden=\"true\"><\/div><\/form><\/div>\n","protected":false},"excerpt":{"rendered":"<p>Bug Wyszk\u00f3w MZKS \u201eBug\u201d Wyszk\u00f3w Adres: ul. Tadeusza Ko\u015bciuszki 54, 07-200 Wyszk\u00f3w tel. 538 356 835 e-mail: sekretariat@bugwyszkow.com Biuro czynne pn-pt 9-16. Data za\u0142o\u017cenia: 8 kwietnia 1922 r. Barwy klubowe: zielono-bia\u0142o-niebieskie Internet: www.facebook.com\/Bug-Wyszk\u00f3w (Facebook) FORMULARZ<\/p>\n","protected":false},"author":3,"featured_media":0,"parent":0,"menu_order":6,"comment_status":"closed","ping_status":"closed","template":"templates\/template-kontakt.php","meta":{"footnotes":""},"class_list":["post-66","page","type-page","status-publish","hentry"],"yoast_head":"<!-- This site is optimized with the Yoast SEO plugin v14.6.1 - https:\/\/yoast.com\/wordpress\/plugins\/seo\/ -->\n<title>Kontakt - 2012<\/title>\n<meta name=\"robots\" content=\"noindex, follow\" \/>\n<meta property=\"og:locale\" content=\"pl_PL\" \/>\n<meta property=\"og:type\" content=\"article\" \/>\n<meta property=\"og:title\" content=\"Kontakt - 2012\" \/>\n<meta property=\"og:description\" content=\"Bug Wyszk\u00f3w MZKS \u201eBug\u201d Wyszk\u00f3w Adres: ul. Tadeusza Ko\u015bciuszki 54, 07-200 Wyszk\u00f3w tel. 538 356 835 e-mail: sekretariat@bugwyszkow.com Biuro czynne pn-pt 9-16. Data za\u0142o\u017cenia: 8 kwietnia 1922 r. Barwy klubowe: zielono-bia\u0142o-niebieskie Internet: www.facebook.com\/Bug-Wyszk\u00f3w (Facebook) FORMULARZ\" \/>\n<meta property=\"og:url\" content=\"http:\/\/bugwyszkow.com\/2012\/kontakt\/\" \/>\n<meta property=\"og:site_name\" content=\"2012\" \/>\n<meta property=\"article:modified_time\" content=\"2019-10-29T07:32:37+00:00\" \/>\n<meta name=\"twitter:card\" content=\"summary_large_image\" \/>\n<script type=\"application\/ld+json\" class=\"yoast-schema-graph\">{\"@context\":\"https:\/\/schema.org\",\"@graph\":[{\"@type\":\"WebSite\",\"@id\":\"http:\/\/bugwyszkow.com\/2012\/#website\",\"url\":\"http:\/\/bugwyszkow.com\/2012\/\",\"name\":\"2012\",\"description\":\"\",\"potentialAction\":[{\"@type\":\"SearchAction\",\"target\":\"http:\/\/bugwyszkow.com\/2012\/?s={search_term_string}\",\"query-input\":\"required name=search_term_string\"}],\"inLanguage\":\"pl-PL\"},{\"@type\":\"WebPage\",\"@id\":\"http:\/\/bugwyszkow.com\/2012\/kontakt\/#webpage\",\"url\":\"http:\/\/bugwyszkow.com\/2012\/kontakt\/\",\"name\":\"Kontakt - 2012\",\"isPartOf\":{\"@id\":\"http:\/\/bugwyszkow.com\/2012\/#website\"},\"datePublished\":\"2018-09-05T08:04:17+00:00\",\"dateModified\":\"2019-10-29T07:32:37+00:00\",\"inLanguage\":\"pl-PL\",\"potentialAction\":[{\"@type\":\"ReadAction\",\"target\":[\"http:\/\/bugwyszkow.com\/2012\/kontakt\/\"]}]}]}<\/script>\n<!-- \/ Yoast SEO plugin. -->","_links":{"self":[{"href":"http:\/\/bugwyszkow.com\/2012\/wp-json\/wp\/v2\/pages\/66","targetHints":{"allow":["GET"]}}],"collection":[{"href":"http:\/\/bugwyszkow.com\/2012\/wp-json\/wp\/v2\/pages"}],"about":[{"href":"http:\/\/bugwyszkow.com\/2012\/wp-json\/wp\/v2\/types\/page"}],"author":[{"embeddable":true,"href":"http:\/\/bugwyszkow.com\/2012\/wp-json\/wp\/v2\/users\/3"}],"replies":[{"embeddable":true,"href":"http:\/\/bugwyszkow.com\/2012\/wp-json\/wp\/v2\/comments?post=66"}],"version-history":[{"count":34,"href":"http:\/\/bugwyszkow.com\/2012\/wp-json\/wp\/v2\/pages\/66\/revisions"}],"predecessor-version":[{"id":4047,"href":"http:\/\/bugwyszkow.com\/2012\/wp-json\/wp\/v2\/pages\/66\/revisions\/4047"}],"wp:attachment":[{"href":"http:\/\/bugwyszkow.com\/2012\/wp-json\/wp\/v2\/media?parent=66"}],"curies":[{"name":"wp","href":"https:\/\/api.w.org\/{rel}","templated":true}]}}